re the prime factors of 1184000?
2, 5, 37
What are the prime factors of 4848673?
4848673
What are the prime factors of 7219477?
37, 195121
What are the prime factors of 4462388?
2, 7, 31, 53, 97
List the prime factors of 330895.
5, 66179
List the prime factors of 80043.
3, 26681
List the prime factors of 19801329.
3, 113, 58411
List the prime factors of 145135.
5, 29027
List the prime factors of 1353362.
2, 257, 2633
List the prime factors of 269873.
401, 673
What are the prime factors of 18764303?
18764303
What are the prime factors of 718223?
11, 65293
List the prime factors of 906769.
163, 5563
List the prime factors of 2651129.
13, 47, 4339
List the prime factors of 283329.
3, 31481
List the prime factors of 22466503.
17, 29, 199, 229
What are the prime factors of 4830894?
2, 3, 137, 653
What are the prime factors of 8466414?
2, 3, 11, 37, 3467
List the prime factors of 199545.
3, 5, 53, 251
What are the prime factors of 5814033?
3, 1938011
List the prime factors of 15085610.
2, 5, 1508561
What are the prime factors of 3083782?
2, 13, 83, 1429
List the prime factors of 522705.
3, 5, 34847
List the prime factors of 10009510.
2, 5, 7, 142993
What are the prime factors of 6396864?
2, 3, 33317
What are the prime factors of 267829?
267829
What are the prime factors of 683478?
2, 3, 4219
List the prime factors of 8955581.
8955581
What are the prime factors of 642421?
13, 49417
List the prime factors of 817902.
2, 3, 45439
What are the prime factors of 1369661?
71, 101, 191
What are the prime factors of 182913?
3, 19, 3209
What are the prime factors of 245509?
11, 2029
List the prime factors of 378462.
2, 3, 7, 9011
What are the prime factors of 30453?
3, 10151
What are the prime factors of 3052754?
2, 1526377
What are the prime factors of 244763?
157, 1559
List the prime factors of 815479.
7, 97, 1201
List the prime factors of 114147.
3, 11, 1153
What are the prime factors of 2362316?
2, 11, 53, 1013
What are the prime factors of 231171?
3, 251, 307
What are the prime factors of 5188786?
2, 19, 136547
What are the prime factors of 7856296?
2, 7, 53, 2647
List the prime factors of 20501426.
2, 11, 931883
What are the prime factors of 1680176?
2, 173, 607
List the prime factors of 276370.
2, 5, 29, 953
List the prime factors of 7725235.
5, 7, 220721
What are the prime factors of 23808129?
3, 7936043
List the prime factors of 1170073.
43, 27211
What are the prime factors of 215383?
7, 29, 1061
What are the prime factors of 5125703?
11, 71, 6563
List the prime factors of 6793274.
2, 37, 91801
List the prime factors of 27748.
2, 7, 991
What are the prime factors of 17588347?
7, 331, 7591
List the prime factors of 1061728.
2, 33179
What are the prime factors of 203794?
2, 19, 31, 173
What are the prime factors of 2471438?
2, 29, 42611
What are the prime factors of 324534?
2, 3, 7, 7727
What are the prime factors of 8297401?
7, 1185343
List the prime factors of 99663.
3, 139, 239
What are the prime factors of 236473?
89, 2657
List the prime factors of 5740371.
3, 7, 13, 43, 163
List the prime factors of 448401.
3, 137, 1091
What are the prime factors of 242085?
3, 5, 16139
What are the prime factors of 102799?
17, 6047
What are the prime factors of 12682337?
12682337
What are the prime factors of 245124?
2, 3, 11, 619
What are the prime factors of 12509407?
751, 16657
List the prime factors of 8824355.
5, 1764871
What are the prime factors of 2221176?
2, 3, 19, 4871
List the prime factors of 2979367.
2979367
What are the prime factors of 7396956?
2, 3, 7, 149, 197
List the prime factors of 37906.
2, 11, 1723
What are the prime factors of 1332212?
2, 7, 971
List the prime factors of 3214931.
101, 139, 229
What are the prime factors of 251379?
3, 17, 31, 53
List the prime factors of 187831.
7, 26833
List the prime factors of 6843605.
5, 17, 80513
What are the prime factors of 9959416?
2, 17, 67, 1093
List the prime factors of 108829.
7, 2221
List the prime factors of 168400.
2, 5, 421
List the prime factors of 113175.
3, 5, 503
What are the prime factors of 6993733?
6993733
List the prime factors of 5134493.
7, 13, 17, 3319
List the prime factors of 685857.
3, 228619
List the prime factors of 165511.
165511
What are the prime factors of 71067?
3, 23689
List the prime factors of 31443301.
67, 469303
List the prime factors of 1625697.
3, 19, 3169
List the prime factors of 8727543.
3, 11, 199, 443
List the prime factors of 1393862.
2, 73, 9547
What are the prime factors of 1036796?
2, 17, 79, 193
What are the prime factors of 121057?
17, 7121
What are the prime factors of 12519070?
2, 5, 1251907
What are the prime factors of 115483?
23, 5021
List the prime factors of 20658.
2, 3, 11, 313
What are the prime factors of 1338179?
37, 59, 613
What are the prime factors of 148258?
2, 11, 23, 293
What are the prime factors of 4513686?
2, 3, 752281
What are the prime factors of 5692275?
3, 5, 937
What are the prime factors of 8291?
8291
List the prime factors of 1191698.
2, 113, 5273
List the prime factors of 9211422.
2, 3, 11, 233, 599
List the prime factors of 264353.
264353
What are the prime factors of 682590?
2, 3, 5, 61, 373
What are the prime factors of 157086?
2, 3, 2909
What are the prime factors of 4227811?
7, 31, 19483
What are the prime factors of 167401?
13, 79, 163
List the prime factors of 2247499.
2247499
What are the prime factors of 1291609?
11, 17, 6907
List the prime factors of 839977.
139, 6043
List the prime factors of 2744542.
2, 1372271
What are the prime factors of 247690?
2, 5, 17, 31, 47
List the prime factors of 11316146.
2, 5658073
What are the prime factors of 502523?
7, 71789
List the prime factors of 12733775.
5, 397, 1283
List the prime factors of 29183129.
97, 300857
What are the prime factors of 424663?
631, 673
What are the prime factors of 364285?
5, 41, 1777
What are the prime factors of 383680?
2, 5, 11, 109
What are the prime factors of 3251769?
3, 1083923
List the prime factors of 468740.
2, 5, 23, 1019
What are the prime factors of 1551810?
2, 3, 5, 13, 23, 173
What are the prime factors of 10671337?
10671337
What are the prime factors of 722645?
5, 7, 11, 1877
List the prime factors of 83739.
3, 103, 271
List the prime factors of 12740939.
17, 749467
List the prime factors of 328098.
2, 3, 149, 367
What are the prime factors of 3659246?
2, 1829623
List the prime factors of 1159215.
3, 5, 109, 709
What are the prime factors of 579413?
131, 4423
What are the prime factors of 206513?
97, 2129
What are the prime factors of 49138?
2, 79, 311
What are the prime factors of 124049?
17, 7297
List the prime factors of 6183312.
2, 3, 128819
What are the prime factors of 1932194?
2, 11, 71, 1237
List the prime factors of 678672.
2, 3, 1571
What are the prime factors of 6602953?
7, 17, 55487
What are the prime factors of 335420?
2, 5, 31, 541
What are the prime factors of 15364045?
5, 71, 113, 383
List the prime factors of 155692.
2, 38923
List the prime factors of 9573830.
2, 5, 7, 136769
What are the prime factors of 22170381?
3, 41, 180247
What are the prime factors of 684998?
2, 17, 20147
What are the prime factors of 13919283?
3, 7, 167
List the prime factors of 539228.
2, 134807
What are the prime factors of 219992?
2, 107, 257
List the prime factors of 18344973.
3, 73, 211, 397
List the prime factors of 697458.
2, 3, 116243
What are the prime factors of 100742?
2, 17, 2963
List the prime factors of 80390.
2, 5, 8039
List the prime factors of 20913813.
3, 19, 41, 157
What are the prime factors of 32136?
2, 3, 13, 103
List the prime factors of 334818.
2, 3, 11, 19, 89
List the prime factors of 1177861.
479, 2459
List the prime factors of 12369517.
2699, 4583
What are the prime factors of 2531643?
3, 843881
List the prime factors of 673372.
2, 7, 24049
List the prime factors of 155400.
2, 3, 5, 7, 37
List the prime factors of 1041165.
3, 5, 17, 1361
List the prime factors of 257020.
2, 5, 71, 181
What are the prime factors of 1071451?
1071451
What are the prime factors of 10943044?
2, 7, 283, 1381
List the prime factors of 406169.
406169
What are the prime factors of 702717?
3, 234239
What are the prime factors of 3635591?
47, 103, 751
List the prime factors of 868813.
11, 19, 4157
What are the prime factors of 4191299?
7, 17,